sor of 175 and d.
25
Let d be 10/((-2)/(-4)*4). Suppose d*y = 2*y + 72. Suppose 59 = 3*j - 49. What is the greatest common factor of y and j?
12
Let p = -50 - -3. Let y = 102 + p. Let z = 35 - 13. What is the highest common divisor of y and z?
11
Let d be ((-150)/1)/(1 + -2). Suppose 5*g = -3*w + 174, 6*g - 5*w = g + d. Calculate the highest common divisor of g and 22.
11
Let c be (56/(-20))/((-2)/20). Calculate the greatest common divisor of 4 and c.
4
Suppose -2*c - 5*i + 1 = -3, -5*i - 80 = -5*c. What is the greatest common divisor of c and 30?
6
Suppose -23*s = -9*s - 2156. Calculate the greatest common divisor of s and 11.
11
Let d = 12 + -9. Calculate the highest common divisor of 27 and d.
3
Let d(n) = n**2 - n - 2. Let s(f) = f. Let m(x) = d(x) - 6*s(x). Let r be m(8). What is the highest common factor of 30 and r?
6
Let o(v) be the third derivative of -1/24*v**4 - v**2 + 0 + 2/3*v**3 + 0*v. Let n be o(-10). What is the highest common factor of n and 28?
14
Let q = 27 - 1. Suppose 3*r = -b + 614, -2*b - 200 = -2*r + r. Suppose r - 9 = 3*y. What is the greatest common divisor of y and q?
13
Let h be (2 - 0)/(-2 + 4). Let o = 21 - h. Calculate the greatest common divisor of 2 and o.
2
Suppose -4*g + 2*y = 32, 0 = 2*g + 4*y + 7 + 19. Let r(d) = -d**3 - 9*d**2 - 3*d - 13. Let u be r(g). Calculate the highest common factor of u and 14.
14
Let r be (-54)/(-7) + (-4)/(-14). Let f be (-116)/(-10) - 4/(-10). Calculate the greatest common factor of f and r.
4
Let k(q) = -11*q**3 - 1. Let d be k(-1). Let x(t) = -t**3 - 7*t**2 - 2*t - 4. Let b be x(-7). Calculate the highest common factor of d and b.
10
Let r(w) = 119*w - 14. Let q be r(4). What is the highest common factor of 42 and q?
42
Let z = -2 - -5. Suppose -3*p + 11 = 2*n, 5*p + z*n = -0*n + 18. Suppose 48 = p*y - 12. What is the highest common factor of y and 8?
4
Let d(t) = 3*t**2 - t - 3. Let f be d(-2). What is the highest common divisor of 22 and f?
11
Let r(a) = 20*a. Let g be r(1). Suppose 5*j - 29 = 4*m, -6*m + g = -m. What is the greatest common factor of 27 and j?
9
Suppose -20*x + 48 = -17*x. Calculate the greatest common factor of 16 and x.
16
Suppose 8 = -4*n + 4*z, -2*n - 3 = z - 4*z. Let b = n + 9. Let y be 5/2*b/5. What is the greatest common divisor of y and 2?
1
Let p(v) = 4*v - 9. Let j be p(16). What is the greatest common factor of j and 11?
11
Suppose -2*x = -3*i - 11, 1 = -5*i - 14. Suppose -2*o = q - 14 + x, -39 = -3*q - o. What is the greatest common divisor of 13 and q?
13
Let s(z) = -z**3 + 7*z**2 - z + 7. Let n be s(7). Suppose n*j = 4*j - 216. What is the highest common divisor of j and 135?
27
Suppose 0 = -3*f - w + 65, 3*f = -3*w - 0*w + 63. Let m be -2 + 3 + 2 + -1. Calculate the highest common divisor of m and f.
2
Suppose 32*h - 380 = 27*h. Calculate the highest common divisor of 19 and h.
19
Let z be (-8)/3 + (-12)/(-18). Let a be 1/(-2) + (-97)/z. What is the greatest common factor of 6 and a?
6
Let g be 1/4 - 63/(-36). Suppose 0 = -4*o - 3 + 11, x + g*o = 12. Calculate the greatest common divisor of 8 and x.
8
Let i be ((-8)/(-5))/(5/25). What is the greatest common factor of 4 and i?
4
Suppose -6*j + 3*j + 2*i + 53 = 0, -3*j + 48 = -3*i. Suppose -4*d + 2*r + 24 = 0, 4*d + 5 = -2*r + j. Calculate the greatest common divisor of 10 and d.
5
Let k be 3/(2 - -1) - 0. Let f be ((-9)/(-3))/1*k. Suppose 0 = m - f, l - 2*m + m = 6. What is the greatest common divisor of 36 and l?
9
Suppose 0 = -n - r + 174, -n + 2*r = -6*n + 876. Suppose 149 = 5*a - 161. Suppose -5*l + a = -18. Calculate the highest common divisor of n and l.
16
Suppose -310 = -5*a + q, -310 = -4*a - a + 3*q. Suppose 4*g = -10 + a. What is the highest common divisor of g and 117?
13
Suppose -5*g = -3*p + 54, p - g = -2*p + 54. Calculate the greatest common factor of 81 and p.
9
Suppose -2*z + 16 = -x, -5*z + 0*x + 42 = -2*x. Let u = 55 + -53. Calculate the greatest common divisor of u and z.
2
Suppose 5*o = 4*b - 15, 4*b + 2*o = -2*o - 12. Let i(c) = -c**2 + 8. Let m be i(b). Let q = 17 - -31. Calculate the highest common divisor of m and q.
8
Suppose 5*a + 2 = 3*z + 11, -3*z = -2*a. Calculate the highest common divisor of 3 and a.
3
Suppose -b + 33 = -4*f, -3*f = -b - 6*f + 5. Calculate the greatest common divisor of b and 51.
17
Suppose i - 96 = -2*i. What is the greatest common divisor of i and 48?
16
Suppose -3 = -4*w + 5. Let v be 180/22 - w/11. Calculate the greatest common factor of v and 80.
8
Let l be 1*(-2 - -6) + 56. Calculate the highest common divisor of 12 and l.
12
Let t(i) = 14*i. Let o be t(6). Suppose -b = 3*b - 48. What is the highest common factor of o and b?
12
Let d be (66/(-12))/((-1)/28). What is the highest common divisor of d and 14?
14
Let f(c) = -15*c - 14. Let m be f(-6). Suppose 62 = 3*t + 5. Calculate the highest common divisor of t and m.
19
Suppose -3*g + n + 555 = 6*n, -n = 4*g - 723. Suppose i = 4*i - g. Let a = -5 + 17. What is the highest common factor of a and i?
12
Suppose -3*d = -3*g + 81, -4*d = -5*g - 0*d + 130. Calculate the highest common divisor of g and 242.
22
Let m(b) = b**2 - b - 2. Let n be m(2). Suppose -x + 6 = -n. Calculate the highest common divisor of 30 and x.
6
Let i = 0 + 2. Let f(v) = -v**2 + v**3 + 17*v**3 - 2 + i*v + 1. Let a be f(1). Calculate the highest common factor of 2 and a.
2
Suppose -690 = -3*b - 3*g, 2*g - 456 = -2*b - 2*g. Let u = -97 + b. Let r(z) = z**2 - 1. Let h be r(4). What is the greatest common divisor of u and h?
15
Let g be (-2 + 4)/(2/4). Let t be (16/(-3))/(g/(-72)). What is the highest common factor of t and 12?
12
Suppose -82 = 3*k - 5*v, -4*k - v - 86 = -3*v. Let d = k + 32. What is the greatest common factor of d and 52?
13
Let n be 275/(-5)*2/(-5). What is the greatest common divisor of n and 154?
22
Suppose -10*g + 45 = -5*g. What is the highest common factor of 6 and g?
3
Suppose -155 = -i + 2*w, -2*w - 3*w = -2*i + 306. Suppose q + 2*j = 112, 2*j - i - 389 = -5*q. What is the highest common factor of q and 10?
10
Suppose 0*u - 4 = -u. Let o(d) = -d**3 + 9*d**2 - 8*d - 6. Let w be o(7). Calculate the greatest common factor of u and w.
4
Let a(k) = 2*k**2 - 11*k + 13. Let n be a(6). Calculate the greatest common divisor of n and 19.
19
Let y(l) = -4*l - 1. Let b be y(-4). Calculate the highest common factor of 105 and b.
15
Suppose v = 4 - 0. Let i = 6 + v. What is the greatest common factor of 25 and i?
5
Let y be 9/(-1 + 3/2). Suppose 45 = 24*w - 19*w. Calculate the greatest common factor of y and w.
9
Suppose 2*a - 76 = -2*z, 0 = -5*z + 10. Suppose -p - 5*u + a = p, -5*p = 3*u - 52. Calculate the greatest common factor of 20 and p.
4
Let y(a) = 37*a + 1. Let k be y(1). What is the highest common divisor of k and 19?
19
Let n(o) = 5*o + 4 + 19*o - 2. Let y be n(7). What is the greatest common factor of y and 17?
17
Let a = 159 - 74. What is the greatest common factor of 17 and a?
17
Suppose -14 = 4*g - 2*n, -7*g + 3*n - 19 = -2*g. Let b be 3/(-5 - g) + 17. What is the greatest common divisor of b and 32?
16
Let j be (2/4)/(2/12). Suppose 0*r - 4 = 2*r, -2*v - j*r = -32. What is the highest common divisor of 152 and v?
19
Let k = 2 + 1. Suppose k*w = 22 + 14. Calculate the highest common divisor of 6 and w.
6
Suppose 4*l - 29 = 2*l + d, -2*l - d + 23 = 0. Let f = 18 - l. Suppose 0 = -0*r - f*r + 15. What is the highest common factor of 3 and r?
3
Suppose 2*k - 42 - 26 = 0. Calculate the highest common factor of k and 51.
17
Let p = -1 - 2. Let j be p - -3 - -5*6. Calculate the highest common factor of 6 and j.
6
Let r = 7 + -6. What is the greatest common factor of 9 and r?
1
Suppose 5*y - 23 = 2*y - 5*c, 2*c + 26 = 2*y. Let k = -902 + 641. Let h = -173 - k. Calculate the highest common divisor of h and y.
11
Let b(j) = 4 - j**2 - 19*j - 4*j + 5*j. Let v be b(-8). Calculate the greatest common factor of 12 and v.
12
Let j = 23 - -1. What is the highest common divisor of j and 16?
8
Suppose 3*c - 3*n = 4*c - 45, 4*c = -3*n + 153. Suppose 0 = -3*f + 24 + c. What is the highest common divisor of 5 and f?
5
Let g = 158 - 103. Let r be 16/24 + 31/3. What is the greatest common factor of r and g?
11
Let g(q) = q**2 + q + 3. Let z be g(3). Let d be -3*(2 - 5) + 0. Let y = z - d. Calculate the highest common